?
True
Is 686888291 a prime number?
True
Is 5747787013 a prime number?
True
Is 66553431959 a composite number?
True
Is 14604451691 composite?
False
Is 243190529221 a composite number?
False
Is 638358197 prime?
True
Is 8275357939 prime?
False
Is 2972880481 a composite number?
False
Is 1997922967 prime?
True
Is 85511904551 a composite number?
False
Is 1796300809 a composite number?
True
Is 25027159147 composite?
True
Is 284507459 a composite number?
False
Is 3182330741 a composite number?
False
Is 256096957 a prime number?
False
Is 1190729599 composite?
False
Is 187018532059 prime?
True
Is 855464111 a composite number?
False
Is 25951104787 composite?
False
Is 1912325089 prime?
False
Is 184608822851 a composite number?
True
Is 1727906221 prime?
False
Is 1226723321 a prime number?
False
Is 39451957 composite?
False
Is 1735455989 a prime number?
True
Is 4667525839 a composite number?
True
Is 14230441 composite?
True
Is 305433581 composite?
True
Is 1584379873 a prime number?
True
Is 1595574583 prime?
False
Is 71659657 composite?
True
Is 28165793837 composite?
False
Is 1332069077 prime?
False
Is 40283055089 composite?
True
Is 23650540349 a prime number?
False
Is 57179731997 prime?
False
Is 16327494241 a prime number?
True
Is 16289227349 a prime number?
False
Is 3758634413 prime?
False
Is 1730361953 a prime number?
True
Is 3922243963 prime?
False
Is 1708244567 a prime number?
True
Is 2205369169 a prime number?
False
Is 11076716687 composite?
False
Is 28725343 a composite number?
False
Is 1782292091 composite?
False
Is 21546503161 composite?
False
Is 8822542877 a prime number?
True
Is 584794967 prime?
True
Is 1103810867 a composite number?
True
Is 3669376199 a prime number?
True
Is 3281035741 a prime number?
False
Is 995649899 a prime number?
True
Is 10843843801 prime?
False
Is 491919851 composite?
False
Is 69410093 a prime number?
True
Is 4750256993 a prime number?
True
Is 30784289669 prime?
False
Is 48565681114 a composite number?
True
Is 113372057 a composite number?
True
Is 75006751 composite?
False
Is 17486929 a composite number?
True
Is 1732413979 prime?
False
Is 53504746387 composite?
True
Is 56256149 a prime number?
False
Is 76953892531 a composite number?
False
Is 48780515893 a composite number?
False
Is 12318938081 a prime number?
True
Is 232324489 prime?
True
Is 162232261 a prime number?
True
Is 21576309661 a prime number?
True
Is 50143570563 a prime number?
False
Is 253915708271 a prime number?
False
Is 131660246378 a prime number?
False
Is 21065558729 composite?
False
Is 172060151 composite?
False
Is 2629206197 a composite number?
True
Is 36955273567 composite?
True
Is 3175571471 a prime number?
True
Is 221712321 prime?
False
Is 5331749981 composite?
False
Is 37383790889 a prime number?
True
Is 131395181 a composite number?
False
Is 1062588469 composite?
False
Is 71132179799 a composite number?
False
Is 223891739 a prime number?
True
Is 90552300017 prime?
True
Is 2179004923 a composite number?
False
Is 8602001563 a prime number?
False
Is 1586373623 a prime number?
False
Is 3054527233 prime?
True
Is 2423590889 prime?
True
Is 18014336701 prime?
False
Is 1385134841 a composite number?
True
Is 151177385981 a prime number?
True
Is 4744527139 composite?
True
Is 920827819 composite?
False
Is 2006604521 prime?
True
Is 52759142339 prime?
False
Is 232049995 composite?
True
Is 10566257293 composite?
True
Is 45880738793 a composite number?
False
Is 139919497541 a prime number?
True
Is 8688028121 a prime number?
False
Is 489489421 a composite number?
False
Is 494136959 a composite number?
True
Is 150911608823 a prime number?
True
Is 5286485153 prime?
True
Is 7056827269 prime?
False
Is 10777023319 a prime number?
True
Is 26703173039 prime?
True
Is 201011580697 prime?
True
Is 21862546061 a prime number?
False
Is 79974000551 prime?
True
Is 36532577657 prime?
False
Is 2872892063 a prime number?
False
Is 67910747 a prime number?
True
Is 37900853927 prime?
True
Is 71320253309 a prime number?
True
Is 20743011241 composite?
False
Is 3804282359 composite?
False
Is 66710484157 a prime number?
True
Is 968394197 prime?
True
Is 39814358551 prime?
False
Is 52914341 a prime number?
True
Is 692828921 prime?
False
Is 2351300453 prime?
False
Is 1559941141 a composite number?
True
Is 1442574593 prime?
False
Is 46572663617 prime?
True
Is 2420167973 a prime number?
False
Is 2018011153 a composite number?
False
Is 14114892647 a prime number?
True
Is 173727176437 a prime number?
True
Is 3933471503 a prime number?
False
Is 560264011 a prime number?
False
Is 34431850463 prime?
True
Is 2624300947 composite?
True
Is 553970981 prime?
True
Is 3189323671 composite?
False
Is 336767231 a composite number?
False
Is 1044794659 composite?
False
Is 440739505 a composite number?
True
Is 2726938 a composite number?
True
Is 1134531451 prime?
True
Is 352463171 composite?
False
Is 74142705733 a composite number?
False
Is 4701586433 prime?
True
Is 109148473 a composite number?
True
Is 773517293 prime?
True
Is 42746747 prime?
False
Is 60065231743 composite?
True
Is 5064276317 prime?
True
Is 94729191317 prime?
False
Is 10314079205 prime?
False
Is 7570555799 composite?
True
Is 39236926591 a prime number?
True
Is 41853037337 a prime number?
True
Is 6607331411 a prime number?
True
Is 22011271853 a composite number?
False
Is 2221980941 composite?
True
Is 121766893753 composite?
True
Is 56360153 prime?
True
Is 16820139755 a composite number?
True
Is 13332464969 a prime number?
True
Is 46838592599 composite?
False
Is 3990416459 a composite number?
False
Is 57830293933 composite?
False
Is 646211773 a prime number?
False
Is 97341863 a prime number?
True
Is 9930042263 a composite number?
False
Is 843612563 a composite number?
False
Is 1153272193 a composite number?
False
Is 14396699771 composite?
False
Is 884420363 composite?
False
Is 50032823 composite?
False
Is 9147347113 prime?
True
Is 146623601 composite?
False
Is 20389210727 a prime number?
True
Is 2014113545 a prime number?
False
Is 414578438795 a composite number?
True
Is 307626247 prime?
False
Is 3579521617 a composite number?
True
Is 9443762399 composite?
False
Is 248111659 prime?
False
Is 3500227435 a composite number?
True
Is 6189878081 prime?
True
Is 65244375097 a prime number?
False
Is 126847656257 a prime number?
False
Is 40464849619 a prime number?
False
Is 6697981523 a prime number?
False
Is 15778187639 composite?
False
Is 137303899207 prime?
False
Is 14601949697 a composite number?
False
Is 47872628917 a prime number?
True
Is 5188569773 prime?
True
Is 1859085299 a composite number?
False
Is 5970588409 a composite number?
False
Is 43164684181 prime?
False
Is 1231294199 a composite number?
False
Is 1150366985 composite?
True
Is 5325864241 a composite number?
True
Is 13654387987 a prime number?
True
Is 1227153023 a prime number?
True
Is 209195893 prime?
True
Is 9876015601 a prime number?
False
Is 12701993057 a prime number?
False
Is 7748441027 prime?
False
Is 6932622603 prime?
False
Is 2757154541 composite?
False
Is 95269845431 composite?
False
Is 13832701429 a prime number?
False
Is 25632098399 a composite number?
False
Is 72776618689 composite?
False
Is 76847369 a prime number?
False
Is 6884785123 a composite number?
False
Is 114320657617 a prime number?
False
Is 72158935795 prime?
False
Is 89378062609 a prime number?
False
Is 4822513859 composite?
True
Is 36492127081 a prime number?
True
Is 292053371 a prime number?
True
Is 1716216107 composite?
False
Is 124724806 a prime number?
False
Is 60114300971 a composite number?
False
Is 1269208327 prime?
False
Is 25218140869 a composite number?
False
Is 1700775119 prime?
True
Is 412469231 prime?
False
Is 81244114169 prime?
False
Is 3310709107 prime?
False
Is 6944745349 composite?
True
Is 131900279 a composite number?
True
Is 5783546161 composite?
True
Is 2250240217 composite?
False
Is 2466994369 prime?
False
Is 1990653853 prime?
False
Is 7163991323 composite?
True
Is 13509457217 prime?
False
Is 1275727009 a prime number?
False
Is 746945833 a prime number?
False
Is 95302461341 prime?
True
Is 22959237163 prime?
True
Is 4913270627 prime?
False
Is 17532859 a prime number?
True
Is 299441201 composite?
False
Is 6950345131 composite?
False
Is 1066695761 prime?
False
Is 248668541 a prime number?
Fa